

{"id":11411,"date":"2023-10-29T17:35:49","date_gmt":"2023-10-29T16:35:49","guid":{"rendered":"https:\/\/test.loris.tv\/gms\/?page_id=11411"},"modified":"2023-10-29T17:50:03","modified_gmt":"2023-10-29T16:50:03","slug":"konzept","status":"publish","type":"page","link":"https:\/\/test.loris.tv\/gms\/beruf-und-zukunft\/berufswahlvorbereitung\/konzept\/","title":{"rendered":"Konzept"},"content":{"rendered":"\t\t<div data-elementor-type=\"wp-page\" data-elementor-id=\"11411\" class=\"elementor elementor-11411\">\n\t\t\t\t\t\t\t\t\t<section class=\"elementor-section elementor-top-section elementor-element elementor-element-06e5a04 elementor-section-stretched elementor-section-boxed elementor-section-height-default elementor-section-height-default\" data-id=\"06e5a04\" data-element_type=\"section\" data-settings=\"{&quot;stretch_section&quot;:&quot;section-stretched&quot;}\">\n\t\t\t\t\t\t<div class=\"elementor-container elementor-column-gap-custom\">\n\t\t\t\t\t<div class=\"elementor-column elementor-col-100 elementor-top-column elementor-element elementor-element-78a15da\" data-id=\"78a15da\" data-element_type=\"column\">\n\t\t\t<div class=\"elementor-widget-wrap elementor-element-populated\">\n\t\t\t\t\t\t\t\t<div class=\"elementor-element elementor-element-47ed4cc elementor-widget thim-ekits-heading elementor-widget-thim-heading\" data-id=\"47ed4cc\" data-element_type=\"widget\" data-widget_type=\"thim-heading.default\">\n\t\t\t\t<div class=\"elementor-widget-container\">\n\t\t\t<div class=\"sc_heading \"><h2 class=\"title\">Konzept<\/h2><\/div>\t\t<\/div>\n\t\t\t\t<\/div>\n\t\t\t\t\t<\/div>\n\t\t<\/div>\n\t\t\t\t\t\t\t<\/div>\n\t\t<\/section>\n\t\t\t\t<section class=\"elementor-section elementor-top-section elementor-element elementor-element-32235dc elementor-section-stretched elementor-section-boxed elementor-section-height-default elementor-section-height-default\" data-id=\"32235dc\" data-element_type=\"section\" data-settings=\"{&quot;stretch_section&quot;:&quot;section-stretched&quot;}\">\n\t\t\t\t\t\t<div class=\"elementor-container elementor-column-gap-custom\">\n\t\t\t\t\t<div class=\"elementor-column elementor-col-50 elementor-top-column elementor-element elementor-element-a337f57\" data-id=\"a337f57\" data-element_type=\"column\">\n\t\t\t<div class=\"elementor-widget-wrap elementor-element-populated\">\n\t\t\t\t\t\t\t\t<div class=\"elementor-element elementor-element-bf7baa0 elementor-widget elementor-widget-image\" data-id=\"bf7baa0\" data-element_type=\"widget\" data-widget_type=\"image.default\">\n\t\t\t\t<div class=\"elementor-widget-container\">\n\t\t\t<style>\/*! elementor - v3.6.6 - 08-06-2022 *\/\n.elementor-widget-image{text-align:center}.elementor-widget-image a{display:inline-block}.elementor-widget-image a img[src$=\".svg\"]{width:48px}.elementor-widget-image img{vertical-align:middle;display:inline-block}<\/style>\t\t\t\t\t\t\t\t\t\t\t\t<img width=\"640\" height=\"411\" src=\"https:\/\/test.loris.tv\/gms\/wp-content\/uploads\/2023\/10\/Berufsvorbereitung_Praxisphasen_GMS.png\" class=\"attachment-large size-large\" alt=\"\" loading=\"lazy\" srcset=\"https:\/\/test.loris.tv\/gms\/wp-content\/uploads\/2023\/10\/Berufsvorbereitung_Praxisphasen_GMS.png 731w, https:\/\/test.loris.tv\/gms\/wp-content\/uploads\/2023\/10\/Berufsvorbereitung_Praxisphasen_GMS-300x192.png 300w, https:\/\/test.loris.tv\/gms\/wp-content\/uploads\/2023\/10\/Berufsvorbereitung_Praxisphasen_GMS-500x320.png 500w\" sizes=\"(max-width: 640px) 100vw, 640px\" \/>\t\t\t\t\t\t\t\t\t\t\t\t\t\t\t<\/div>\n\t\t\t\t<\/div>\n\t\t\t\t<div class=\"elementor-element elementor-element-7557451 elementor-widget thim-ekits-heading elementor-widget-thim-heading\" data-id=\"7557451\" data-element_type=\"widget\" data-widget_type=\"thim-heading.default\">\n\t\t\t\t<div class=\"elementor-widget-container\">\n\t\t\t<div class=\"sc_heading \"><h5 class=\"title\">Berufsfindungstag (BEFIT)<\/h5><div class=\"sub-heading\"><p>In den Klassen 5-7 absolvieren die Sch\u00fclerinnen und Sch\u00fcler den j\u00e4hrlich stattfindenden Berufsfindungs-Tag (BEFIT), der immer parallel zum Girls\u2018 & Boys\u2019 Day stattfindet. In den Klassen 5 und 6 liegt der Schwerpunkt vor allem darauf, dass die Sch\u00fclerinnen und Sch\u00fcler nach M\u00f6glichkeit ihre Eltern, Gro\u00dfeltern, Verwandten und Bekannten am Arbeitsplatz f\u00fcr einen Tag besuchen. Sie sollen einen Einblick in einen Arbeitstag, in Betriebe und in verschiedenen Strukturen bekommen. In Klasse 7 werden die Sch\u00fclerinnen und Sch\u00fcler ermuntert einen Beruf zu suchen, der sie interessiert und in den sie gerne mal einen Tag hineinschnuppern m\u00f6chten. Bei der Auswahl der Praktikumspl\u00e4tze soll nach M\u00f6glichkeit beachtet werden, dass in jedem Jahr ein anderes Berufsfeld abgedeckt wird.<\/p>\n<\/div><\/div>\t\t<\/div>\n\t\t\t\t<\/div>\n\t\t\t\t<div class=\"elementor-element elementor-element-31ac189 elementor-widget thim-ekits-heading elementor-widget-thim-heading\" data-id=\"31ac189\" data-element_type=\"widget\" data-widget_type=\"thim-heading.default\">\n\t\t\t\t<div class=\"elementor-widget-container\">\n\t\t\t<div class=\"sc_heading \"><h5 class=\"title\">Potenzialanalyse (PA) & Berufsfelderkundungstage (BFE) (5 Tage)<\/h5><div class=\"sub-heading\"><p>Lorem ipsum dolor sit amet, consectetur adipiscing elit, sed do eiusmod tempor incididunt ut labore et dolore magna aliqua. Ut enim ad minim veniam, quis nostrud exercitation ullamco laboris nisi ut aliquip ex ea commodo consequat. Duis aute irure dolor in reprehenderit in voluptate velit esse cillum dolore eu fugiat nulla pariatur.<\/p>\n<p>Lorem ipsum dolor sit amet, consectetur adipiscing elit, sed do eiusmod tempor incididunt ut labore et dolore magna aliqua. Ut enim ad minim veniam, quis nostrud exercitation ullamco laboris nisi ut aliquip ex ea commodo consequat. Duis aute irure dolor in reprehenderit in voluptate velit esse cillum dolore eu fugiat nulla pariatur.<\/p>\n<\/div><\/div>\t\t<\/div>\n\t\t\t\t<\/div>\n\t\t\t\t<div class=\"elementor-element elementor-element-eaf4d83 elementor-widget thim-ekits-heading elementor-widget-thim-heading\" data-id=\"eaf4d83\" data-element_type=\"widget\" data-widget_type=\"thim-heading.default\">\n\t\t\t\t<div class=\"elementor-widget-container\">\n\t\t\t<div class=\"sc_heading \"><h5 class=\"title\">Scholarships & Aid<\/h5><\/div>\t\t<\/div>\n\t\t\t\t<\/div>\n\t\t\t\t<div class=\"elementor-element elementor-element-852d4fd elementor-widget elementor-widget-thim-video\" data-id=\"852d4fd\" data-element_type=\"widget\" data-widget_type=\"thim-video.default\">\n\t\t\t\t<div class=\"elementor-widget-container\">\n\t\t\t\t<div class=\"thim-video-popup image-layout\">\n\t\t<img src=\"https:\/\/test.loris.tv\/gms\/wp-content\/uploads\/2022\/12\/undergraduate-video-1.jpg\" alt=\"\">\n\t\t<div class=\"video-info\">\n\t\t\t<a class=\"button-popup\" href=\"#popup-id8158\"><i class=\"tk tk-play\"><\/i><\/a>\n\t\t<\/div>\n\t\t<div class=\"video-content mfp-hide\" id=\"popup-id8158\">\n\t\t\t<div class=\"video\"><iframe loading=\"lazy\" id=\"thim-video\" width=\"100%\" height=\"100%\" src=\"https:\/\/www.youtube.com\/embed\/\" allowfullscreen style=\"border: 0;\"><\/iframe><\/div>\t\t<\/div>\n\t<\/div>\n\t\t\t<\/div>\n\t\t\t\t<\/div>\n\t\t\t\t<div class=\"elementor-element elementor-element-8671784 elementor-widget thim-ekits-heading elementor-widget-thim-heading\" data-id=\"8671784\" data-element_type=\"widget\" data-widget_type=\"thim-heading.default\">\n\t\t\t\t<div class=\"elementor-widget-container\">\n\t\t\t<div class=\"sc_heading \"><h5 class=\"title\">Scholarships & Aid<\/h5><div class=\"sub-heading\"><p>Lorem ipsum dolor sit amet, consectetur adipiscing elit, sed do eiusmod tempor incididunt ut labore et dolore magna aliqua. Ut enim ad minim veniam, quis nostrud exercitation ullamco laboris nisi ut aliquip ex ea commodo consequat. Duis aute irure dolor in reprehenderit in voluptate velit esse cillum dolore eu fugiat nulla pariatur.<\/p>\n<p>Lorem ipsum dolor sit amet, consectetur adipiscing elit, sed do eiusmod tempor incididunt ut labore et dolore magna aliqua. Ut enim ad minim veniam, quis nostrud exercitation ullamco laboris nisi ut aliquip ex ea commodo consequat. Duis aute irure dolor in reprehenderit in voluptate velit esse cillum dolore eu fugiat nulla pariatur.<\/p>\n<\/div><\/div>\t\t<\/div>\n\t\t\t\t<\/div>\n\t\t\t\t<div class=\"elementor-element elementor-element-d321923 elementor-widget thim-ekits-heading elementor-widget-thim-heading\" data-id=\"d321923\" data-element_type=\"widget\" data-widget_type=\"thim-heading.default\">\n\t\t\t\t<div class=\"elementor-widget-container\">\n\t\t\t<div class=\"sc_heading \"><h5 class=\"title\">Scholarships & Aid<\/h5><div class=\"sub-heading\"><p>Lorem ipsum dolor sit amet, consectetur adipiscing elit, sed do eiusmod tempor incididunt ut labore et dolore magna aliqua. Ut enim ad minim veniam, quis nostrud exercitation ullamco laboris nisi ut aliquip ex ea commodo consequat. Duis aute irure dolor in reprehenderit in voluptate velit esse cillum dolore eu fugiat nulla pariatur.<\/p>\n<p>Lorem ipsum dolor sit amet, consectetur adipiscing elit, sed do eiusmod tempor incididunt ut labore et dolore magna aliqua. Ut enim ad minim veniam, quis nostrud exercitation ullamco laboris nisi ut aliquip ex ea commodo consequat. Duis aute irure dolor in reprehenderit in voluptate velit esse cillum dolore eu fugiat nulla pariatur.<\/p>\n<\/div><\/div>\t\t<\/div>\n\t\t\t\t<\/div>\n\t\t\t\t<div class=\"elementor-element elementor-element-f48a14d elementor-widget thim-widget-button\" data-id=\"f48a14d\" data-element_type=\"widget\" data-widget_type=\"thim-button.default\">\n\t\t\t\t<div class=\"elementor-widget-container\">\n\t\t\t<a class=\"widget-button normal position-after\" href=\"#\" target=\"_blank\" rel=\"nofollow\">Apply<i aria-hidden=\"true\" class=\"tk tk-angle-right\"><\/i><\/a>\t\t<\/div>\n\t\t\t\t<\/div>\n\t\t\t\t\t<\/div>\n\t\t<\/div>\n\t\t\t\t<div class=\"elementor-column elementor-col-50 elementor-top-column elementor-element elementor-element-8be48f6\" data-id=\"8be48f6\" data-element_type=\"column\">\n\t\t\t<div class=\"elementor-widget-wrap elementor-element-populated\">\n\t\t\t\t\t\t\t\t<div class=\"elementor-element elementor-element-e51cca9 elementor-widget thim-ekits-heading elementor-widget-thim-heading\" data-id=\"e51cca9\" data-element_type=\"widget\" data-widget_type=\"thim-heading.default\">\n\t\t\t\t<div class=\"elementor-widget-container\">\n\t\t\t<div class=\"sc_heading \"><h4 class=\"title\">Undergraduate Programs<\/h4><\/div>\t\t<\/div>\n\t\t\t\t<\/div>\n\t\t\t\t<div class=\"elementor-element elementor-element-0b6d946 elementor-widget elementor-widget-thim-ekits-header-info\" data-id=\"0b6d946\" data-element_type=\"widget\" data-widget_type=\"thim-ekits-header-info.default\">\n\t\t\t\t<div class=\"elementor-widget-container\">\n\t\t\t\t\t<div class=\"header-info-swapper\">\r\n\t\t\t<ul class=\"thim-header-info\">\r\n\t\t\t\t\t\t\t\t\t\t<li>\r\n\t\t\t\t\t\t\t\t\t\t\t\t\t\t\t<a href=\"https:\/\/test.loris.tv\/gms\/major-program\/\" target=\"_blank\" rel=\"nofollow\">\r\n\t\t\t\t\t\t\t\t\t\t\t\t\t\t\t\t\t\t\t\t\t\t<span>\r\n\t\t\t\t\t\t\t\t\t<i aria-hidden=\"true\" class=\"far fa-circle\"><\/i>\t\t\t\t\t\t\t\t<\/span>\r\n\t\t\t\t\t\t\t\t\t\t\t\t\t\t\tBerufsfindungstag\t\t\t\t\t\t\t\t\t\t\t\t\t\t\t<\/a>\r\n\t\t\t\t\t\t\t\t\t\t\t\t\t<\/li>\r\n\t\t\t\t\t\t\t\t\t\t\t\t<li>\r\n\t\t\t\t\t\t\t\t\t\t\t\t\t\t\t<a href=\"https:\/\/test.loris.tv\/gms\/major-program\/\" target=\"_blank\" rel=\"nofollow\">\r\n\t\t\t\t\t\t\t\t\t\t\t\t\t\t\t\t\t\t\t\t\t\t<span>\r\n\t\t\t\t\t\t\t\t\t<i aria-hidden=\"true\" class=\"far fa-circle\"><\/i>\t\t\t\t\t\t\t\t<\/span>\r\n\t\t\t\t\t\t\t\t\t\t\t\t\t\t\tPotenzialanalyse (PA) &amp; Berufsfelderkundungstage (BFE) (5 Tage)\t\t\t\t\t\t\t\t\t\t\t\t\t\t\t<\/a>\r\n\t\t\t\t\t\t\t\t\t\t\t\t\t<\/li>\r\n\t\t\t\t\t\t\t\t\t\t\t\t<li>\r\n\t\t\t\t\t\t\t\t\t\t\t\t\t\t\t<a href=\"https:\/\/test.loris.tv\/gms\/major-program\/\" target=\"_blank\" rel=\"nofollow\">\r\n\t\t\t\t\t\t\t\t\t\t\t\t\t\t\t\t\t\t\t\t\t\t<span>\r\n\t\t\t\t\t\t\t\t\t<i aria-hidden=\"true\" class=\"far fa-circle\"><\/i>\t\t\t\t\t\t\t\t<\/span>\r\n\t\t\t\t\t\t\t\t\t\t\t\t\t\t\tMold and Die Engineering Technology\t\t\t\t\t\t\t\t\t\t\t\t\t\t\t<\/a>\r\n\t\t\t\t\t\t\t\t\t\t\t\t\t<\/li>\r\n\t\t\t\t\t\t\t\t\t\t\t\t<li>\r\n\t\t\t\t\t\t\t\t\t\t\t\t\t\t\t<a href=\"https:\/\/test.loris.tv\/gms\/major-program\/\" target=\"_blank\" rel=\"nofollow\">\r\n\t\t\t\t\t\t\t\t\t\t\t\t\t\t\t\t\t\t\t\t\t\t<span>\r\n\t\t\t\t\t\t\t\t\t<i aria-hidden=\"true\" class=\"far fa-circle\"><\/i>\t\t\t\t\t\t\t\t<\/span>\r\n\t\t\t\t\t\t\t\t\t\t\t\t\t\t\tRobot and Artificial Intelligence (AI)\t\t\t\t\t\t\t\t\t\t\t\t\t\t\t<\/a>\r\n\t\t\t\t\t\t\t\t\t\t\t\t\t<\/li>\r\n\t\t\t\t\t\t\t\t\t\t\t\t<li>\r\n\t\t\t\t\t\t\t\t\t\t\t\t\t\t\t<a href=\"https:\/\/test.loris.tv\/gms\/major-program\/\" target=\"_blank\" rel=\"nofollow\">\r\n\t\t\t\t\t\t\t\t\t\t\t\t\t\t\t\t\t\t\t\t\t\t<span>\r\n\t\t\t\t\t\t\t\t\t<i aria-hidden=\"true\" class=\"far fa-circle\"><\/i>\t\t\t\t\t\t\t\t<\/span>\r\n\t\t\t\t\t\t\t\t\t\t\t\t\t\t\tIndustrial &amp; Systems Engineering\t\t\t\t\t\t\t\t\t\t\t\t\t\t\t<\/a>\r\n\t\t\t\t\t\t\t\t\t\t\t\t\t<\/li>\r\n\t\t\t\t\t\t\t\t\t\t\t\t<li>\r\n\t\t\t\t\t\t\t\t\t\t\t\t\t\t\t<a href=\"https:\/\/test.loris.tv\/gms\/major-program\/\" target=\"_blank\" rel=\"nofollow\">\r\n\t\t\t\t\t\t\t\t\t\t\t\t\t\t\t\t\t\t\t\t\t\t<span>\r\n\t\t\t\t\t\t\t\t\t<i aria-hidden=\"true\" class=\"far fa-circle\"><\/i>\t\t\t\t\t\t\t\t<\/span>\r\n\t\t\t\t\t\t\t\t\t\t\t\t\t\t\tComputer Networks and Data\t\t\t\t\t\t\t\t\t\t\t\t\t\t\t<\/a>\r\n\t\t\t\t\t\t\t\t\t\t\t\t\t<\/li>\r\n\t\t\t\t\t\t\t\t\t\t\t\t<li>\r\n\t\t\t\t\t\t\t\t\t\t\t\t\t\t\t<a href=\"https:\/\/test.loris.tv\/gms\/major-program\/\" target=\"_blank\" rel=\"nofollow\">\r\n\t\t\t\t\t\t\t\t\t\t\t\t\t\t\t\t\t\t\t\t\t\t<span>\r\n\t\t\t\t\t\t\t\t\t<i aria-hidden=\"true\" class=\"far fa-circle\"><\/i>\t\t\t\t\t\t\t\t<\/span>\r\n\t\t\t\t\t\t\t\t\t\t\t\t\t\t\tCommunications\t\t\t\t\t\t\t\t\t\t\t\t\t\t\t<\/a>\r\n\t\t\t\t\t\t\t\t\t\t\t\t\t<\/li>\r\n\t\t\t\t\t\t\t\t\t\t\t\t<li>\r\n\t\t\t\t\t\t\t\t\t\t\t\t\t\t\t<a href=\"https:\/\/test.loris.tv\/gms\/major-program\/\" target=\"_blank\" rel=\"nofollow\">\r\n\t\t\t\t\t\t\t\t\t\t\t\t\t\t\t\t\t\t\t\t\t\t<span>\r\n\t\t\t\t\t\t\t\t\t<i aria-hidden=\"true\" class=\"far fa-circle\"><\/i>\t\t\t\t\t\t\t\t<\/span>\r\n\t\t\t\t\t\t\t\t\t\t\t\t\t\t\tComputer Engineering Technology\t\t\t\t\t\t\t\t\t\t\t\t\t\t\t<\/a>\r\n\t\t\t\t\t\t\t\t\t\t\t\t\t<\/li>\r\n\t\t\t\t\t\t\t\t\t<\/ul>\r\n\t\t<\/div>\r\n\t\t\t\t<\/div>\n\t\t\t\t<\/div>\n\t\t\t\t\t<\/div>\n\t\t<\/div>\n\t\t\t\t\t\t\t<\/div>\n\t\t<\/section>\n\t\t\t\t<section class=\"elementor-section elementor-top-section elementor-element elementor-element-61c119b elementor-section-stretched elementor-section-boxed elementor-section-height-default elementor-section-height-default\" data-id=\"61c119b\" data-element_type=\"section\" data-settings=\"{&quot;stretch_section&quot;:&quot;section-stretched&quot;}\">\n\t\t\t\t\t\t<div class=\"elementor-container elementor-column-gap-custom\">\n\t\t\t\t\t<div class=\"elementor-column elementor-col-100 elementor-top-column elementor-element elementor-element-cde0b6c\" data-id=\"cde0b6c\" data-element_type=\"column\">\n\t\t\t<div class=\"elementor-widget-wrap elementor-element-populated\">\n\t\t\t\t\t\t\t\t<div class=\"thim-ekits-event-style elementor-element elementor-element-5a1271c list-event-flex elementor-widget elementor-widget-thim-list-event\" data-id=\"5a1271c\" data-element_type=\"widget\" data-widget_type=\"thim-list-event.default\">\n\t\t\t\t<div class=\"elementor-widget-container\">\n\t\t\t<h3 class=\"widget-title\">Upcoming Events<\/h3><div class=\"thim-list-event layout-2\">\t\t<div class=\"item-event post-2953 tp_event type-tp_event status-publish has-post-thumbnail hentry\">\n\t\t\t<div class=\"time-from\">\n\t\t\t\t\t\t\t\t<div class=\"date\">\n\t\t\t\t\t23\t\t\t\t<\/div>\n\t\t\t\t<div class=\"month\">\n\t\t\t\t\tDez\t\t\t\t<\/div>\n\t\t\t\t\t\t\t<\/div>\n\t\t\t<div class=\"event-wrapper\">\n\t\t\t\t<h5 class=\"title\"><a href=\"https:\/\/test.loris.tv\/gms\/events\/build-education-website-using-wordpress\/\">Build Education Website Using WordPress<\/a><\/h5>\n\t\t\t\t<div class=\"meta\">\n\t\t\t\t\t<div class=\"time\">\n\t\t\t\t\t\t<i class=\"tk tk-clock\"><\/i>\n\t\t\t\t\t\t8:00 - 17:00\t\t\t\t\t<\/div>\n\t\t\t\t\t<div class=\"location\">\n\t\t\t\t\t\t<i class=\"tk tk-map-marker\"><\/i>\n\t\t\t\t\t\tChicago, US\t\t\t\t\t<\/div>\n\t\t\t\t<\/div>\n\t\t\t<\/div>\n\t\t<\/div>\n\t\t\t\t<div class=\"item-event post-2952 tp_event type-tp_event status-publish has-post-thumbnail hentry\">\n\t\t\t<div class=\"time-from\">\n\t\t\t\t\t\t\t\t<div class=\"date\">\n\t\t\t\t\t23\t\t\t\t<\/div>\n\t\t\t\t<div class=\"month\">\n\t\t\t\t\tDez\t\t\t\t<\/div>\n\t\t\t\t\t\t\t<\/div>\n\t\t\t<div class=\"event-wrapper\">\n\t\t\t\t<h5 class=\"title\"><a href=\"https:\/\/test.loris.tv\/gms\/events\/introduction-to-study-skills\/\">Introduction to Study Skills<\/a><\/h5>\n\t\t\t\t<div class=\"meta\">\n\t\t\t\t\t<div class=\"time\">\n\t\t\t\t\t\t<i class=\"tk tk-clock\"><\/i>\n\t\t\t\t\t\t8:00 - 17:00\t\t\t\t\t<\/div>\n\t\t\t\t\t<div class=\"location\">\n\t\t\t\t\t\t<i class=\"tk tk-map-marker\"><\/i>\n\t\t\t\t\t\tVancouver, Canada\t\t\t\t\t<\/div>\n\t\t\t\t<\/div>\n\t\t\t<\/div>\n\t\t<\/div>\n\t\t<a class=\"view-all\" href=\"https:\/\/test.loris.tv\/gms\/events\/\">all events<\/a><\/div>\t\t<\/div>\n\t\t\t\t<\/div>\n\t\t\t\t\t<\/div>\n\t\t<\/div>\n\t\t\t\t\t\t\t<\/div>\n\t\t<\/section>\n\t\t\t\t\t\t\t<\/div>\n\t\t","protected":false},"excerpt":{"rendered":"<p>Konzept Berufsfindungstag (BEFIT) In den Klassen 5-7 absolvieren die Sch\u00fclerinnen und Sch\u00fcler den j\u00e4hrlich stattfindenden Berufsfindungs-Tag (BEFIT), der immer parallel zum Girls\u2018 &#038; Boys\u2019 Day stattfindet. In den Klassen 5 und 6 liegt der Schwerpunkt vor allem darauf, dass die &hellip; <\/p>\n","protected":false},"author":1,"featured_media":0,"parent":10629,"menu_order":10,"comment_status":"closed","ping_status":"closed","template":"","meta":[],"_links":{"self":[{"href":"https:\/\/test.loris.tv\/gms\/wp-json\/wp\/v2\/pages\/11411"}],"collection":[{"href":"https:\/\/test.loris.tv\/gms\/wp-json\/wp\/v2\/pages"}],"about":[{"href":"https:\/\/test.loris.tv\/gms\/wp-json\/wp\/v2\/types\/page"}],"author":[{"embeddable":true,"href":"https:\/\/test.loris.tv\/gms\/wp-json\/wp\/v2\/users\/1"}],"replies":[{"embeddable":true,"href":"https:\/\/test.loris.tv\/gms\/wp-json\/wp\/v2\/comments?post=11411"}],"version-history":[{"count":4,"href":"https:\/\/test.loris.tv\/gms\/wp-json\/wp\/v2\/pages\/11411\/revisions"}],"predecessor-version":[{"id":11432,"href":"https:\/\/test.loris.tv\/gms\/wp-json\/wp\/v2\/pages\/11411\/revisions\/11432"}],"up":[{"embeddable":true,"href":"https:\/\/test.loris.tv\/gms\/wp-json\/wp\/v2\/pages\/10629"}],"wp:attachment":[{"href":"https:\/\/test.loris.tv\/gms\/wp-json\/wp\/v2\/media?parent=11411"}],"curies":[{"name":"wp","href":"https:\/\/api.w.org\/{rel}","templated":true}]}}