

{"id":10630,"date":"2023-04-24T10:26:28","date_gmt":"2023-04-24T08:26:28","guid":{"rendered":"https:\/\/test.loris.tv\/gms\/?page_id=10630"},"modified":"2023-10-31T10:56:08","modified_gmt":"2023-10-31T09:56:08","slug":"foerderverein","status":"publish","type":"page","link":"https:\/\/test.loris.tv\/gms\/foerderverein\/","title":{"rendered":"F\u00f6rderverein"},"content":{"rendered":"\t\t<div data-elementor-type=\"wp-page\" data-elementor-id=\"10630\" class=\"elementor elementor-10630\">\n\t\t\t\t\t\t\t\t\t<section class=\"elementor-section elementor-top-section elementor-element elementor-element-a5133b0 elementor-section-boxed elementor-section-height-default elementor-section-height-default\" data-id=\"a5133b0\" data-element_type=\"section\">\n\t\t\t\t\t\t<div class=\"elementor-container elementor-column-gap-default\">\n\t\t\t\t\t<div class=\"elementor-column elementor-col-50 elementor-top-column elementor-element elementor-element-1cc9566\" data-id=\"1cc9566\" data-element_type=\"column\">\n\t\t\t<div class=\"elementor-widget-wrap elementor-element-populated\">\n\t\t\t\t\t\t\t\t<div class=\"elementor-element elementor-element-a9d516a elementor-widget thim-ekits-heading elementor-widget-thim-heading\" data-id=\"a9d516a\" data-element_type=\"widget\" data-widget_type=\"thim-heading.default\">\n\t\t\t\t<div class=\"elementor-widget-container\">\n\t\t\t<div class=\"sc_heading \"><h3 class=\"title\"> <span class=\"thim-color\">F\u00f6rderverein<\/span><\/h3><span class=\"line\"><\/span><\/div>\t\t<\/div>\n\t\t\t\t<\/div>\n\t\t\t\t<div class=\"elementor-element elementor-element-d193def elementor-widget elementor-widget-text-editor\" data-id=\"d193def\" data-element_type=\"widget\" data-widget_type=\"text-editor.default\">\n\t\t\t\t<div class=\"elementor-widget-container\">\n\t\t\t<style>\/*! elementor - v3.6.6 - 08-06-2022 *\/\n.elementor-widget-text-editor.elementor-drop-cap-view-stacked .elementor-drop-cap{background-color:#818a91;color:#fff}.elementor-widget-text-editor.elementor-drop-cap-view-framed .elementor-drop-cap{color:#818a91;border:3px solid;background-color:transparent}.elementor-widget-text-editor:not(.elementor-drop-cap-view-default) .elementor-drop-cap{margin-top:8px}.elementor-widget-text-editor:not(.elementor-drop-cap-view-default) .elementor-drop-cap-letter{width:1em;height:1em}.elementor-widget-text-editor .elementor-drop-cap{float:left;text-align:center;line-height:1;font-size:50px}.elementor-widget-text-editor .elementor-drop-cap-letter{display:inline-block}<\/style>\t\t\t\t<p>Liebe Eltern,\u00a0<\/p><p>durch eure Hilfe und euren Einsatz konnten wieder einige Projekte realisiert werden.\u00a0<\/p><p>Unsere Arbeit steht nie still und die finanziell engeren Spielr\u00e4ume an den Schulen und Kommunen f\u00fchren dazu, dass der F\u00f6rderverein immer wichtiger wird. Dazu geh\u00f6ren Zusch\u00fcsse zu Bildungsfahrten oder das Anschaffen von Equipment. Das ist aber nur ein kleiner Teil von dem, wof\u00fcr wir uns verantwortlich zeigen.<\/p><p>Mehr Infos gibt es auf der Internetseite der Schule, bei den Vorstandsmitgliedern oder schreibt uns einfach eine Mail. Ab 6\u20ac j\u00e4hrlich k\u00f6nnt ihr dabei sein und einen wichtigen Beitrag leisten. Wir freuen uns \u00fcber eure Unterst\u00fctzung.<\/p><p>F\u00fcr das Vorstandsteam<br \/>Birgit K\u00fchn<\/p>\t\t\t\t\t\t<\/div>\n\t\t\t\t<\/div>\n\t\t\t\t<div class=\"elementor-element elementor-element-787db5f elementor-widget__width-auto elementor-widget elementor-widget-button\" data-id=\"787db5f\" data-element_type=\"widget\" data-widget_type=\"button.default\">\n\t\t\t\t<div class=\"elementor-widget-container\">\n\t\t\t\t\t<div class=\"elementor-button-wrapper\">\n\t\t\t<a href=\"&#x6d;&#x61;&#105;&#108;t&#x6f;&#x3a;&#x66;&#111;er&#x64;&#x65;&#114;&#118;e&#x72;&#x65;&#x69;&#110;&#64;g&#x6d;&#x73;&#45;&#98;u&#x2d;&#x6e;&#x65;&#117;&#46;d&#x65;\" class=\"elementor-button-link elementor-button elementor-size-sm\" role=\"button\">\n\t\t\t\t\t\t<span class=\"elementor-button-content-wrapper\">\n\t\t\t\t\t\t\t<span class=\"elementor-button-icon elementor-align-icon-left\">\n\t\t\t\t<i aria-hidden=\"true\" class=\"far fa-envelope\"><\/i>\t\t\t<\/span>\n\t\t\t\t\t\t<span class=\"elementor-button-text\">E-Mail an den F\u00f6rderverein<\/span>\n\t\t<\/span>\n\t\t\t\t\t<\/a>\n\t\t<\/div>\n\t\t\t\t<\/div>\n\t\t\t\t<\/div>\n\t\t\t\t<div class=\"elementor-element elementor-element-de1bbfa elementor-widget elementor-widget-spacer\" data-id=\"de1bbfa\" data-element_type=\"widget\" data-widget_type=\"spacer.default\">\n\t\t\t\t<div class=\"elementor-widget-container\">\n\t\t\t<style>\/*! elementor - v3.6.6 - 08-06-2022 *\/\n.e-container.e-container--row .elementor-spacer-inner{width:var(--spacer-size)}.e-container.e-container--column .elementor-spacer-inner,.elementor-column .elementor-spacer-inner{height:var(--spacer-size)}<\/style>\t\t<div class=\"elementor-spacer\">\n\t\t\t<div class=\"elementor-spacer-inner\"><\/div>\n\t\t<\/div>\n\t\t\t\t<\/div>\n\t\t\t\t<\/div>\n\t\t\t\t<div class=\"elementor-element elementor-element-4d06864 elementor-widget__width-auto elementor-widget elementor-widget-button\" data-id=\"4d06864\" data-element_type=\"widget\" data-widget_type=\"button.default\">\n\t\t\t\t<div class=\"elementor-widget-container\">\n\t\t\t\t\t<div class=\"elementor-button-wrapper\">\n\t\t\t<a href=\"https:\/\/test.loris.tv\/gms\/wp-content\/uploads\/2023\/10\/Satzung_Foerderverein_GMS.pdf\" target=\"_blank\" class=\"elementor-button-link elementor-button elementor-size-sm\" role=\"button\">\n\t\t\t\t\t\t<span class=\"elementor-button-content-wrapper\">\n\t\t\t\t\t\t\t<span class=\"elementor-button-icon elementor-align-icon-left\">\n\t\t\t\t<i aria-hidden=\"true\" class=\"tk tk-download\"><\/i>\t\t\t<\/span>\n\t\t\t\t\t\t<span class=\"elementor-button-text\">Satzung des F\u00f6rdervereins<\/span>\n\t\t<\/span>\n\t\t\t\t\t<\/a>\n\t\t<\/div>\n\t\t\t\t<\/div>\n\t\t\t\t<\/div>\n\t\t\t\t\t<\/div>\n\t\t<\/div>\n\t\t\t\t<div class=\"elementor-column elementor-col-50 elementor-top-column elementor-element elementor-element-2a463ad\" data-id=\"2a463ad\" data-element_type=\"column\">\n\t\t\t<div class=\"elementor-widget-wrap elementor-element-populated\">\n\t\t\t\t\t\t\t\t<div class=\"elementor-element elementor-element-c13a94d elementor-widget elementor-widget-image\" data-id=\"c13a94d\" data-element_type=\"widget\" data-widget_type=\"image.default\">\n\t\t\t\t<div class=\"elementor-widget-container\">\n\t\t\t<style>\/*! elementor - v3.6.6 - 08-06-2022 *\/\n.elementor-widget-image{text-align:center}.elementor-widget-image a{display:inline-block}.elementor-widget-image a img[src$=\".svg\"]{width:48px}.elementor-widget-image img{vertical-align:middle;display:inline-block}<\/style>\t\t\t\t\t\t\t\t\t\t\t\t<img width=\"640\" height=\"515\" src=\"https:\/\/test.loris.tv\/gms\/wp-content\/uploads\/2023\/10\/vorstand_foerderverein-1024x824.jpg\" class=\"attachment-large size-large\" alt=\"\" loading=\"lazy\" srcset=\"https:\/\/test.loris.tv\/gms\/wp-content\/uploads\/2023\/10\/vorstand_foerderverein-1024x824.jpg 1024w, https:\/\/test.loris.tv\/gms\/wp-content\/uploads\/2023\/10\/vorstand_foerderverein-300x242.jpg 300w, https:\/\/test.loris.tv\/gms\/wp-content\/uploads\/2023\/10\/vorstand_foerderverein-768x618.jpg 768w, https:\/\/test.loris.tv\/gms\/wp-content\/uploads\/2023\/10\/vorstand_foerderverein.jpg 1200w\" sizes=\"(max-width: 640px) 100vw, 640px\" \/>\t\t\t\t\t\t\t\t\t\t\t\t\t\t\t<\/div>\n\t\t\t\t<\/div>\n\t\t\t\t<div class=\"elementor-element elementor-element-0327803 elementor-widget thim-ekits-heading elementor-widget-thim-heading\" data-id=\"0327803\" data-element_type=\"widget\" data-widget_type=\"thim-heading.default\">\n\t\t\t\t<div class=\"elementor-widget-container\">\n\t\t\t<div class=\"sc_heading \"><h3 class=\"title\">Vorstand des F\u00f6rdervereins der GMS Burbach-Neunkirchen:<\/h3><\/div>\t\t<\/div>\n\t\t\t\t<\/div>\n\t\t\t\t<div class=\"elementor-element elementor-element-0a1f995 elementor-widget elementor-widget-thim-ekits-header-info\" data-id=\"0a1f995\" data-element_type=\"widget\" data-widget_type=\"thim-ekits-header-info.default\">\n\t\t\t\t<div class=\"elementor-widget-container\">\n\t\t\t\t\t<div class=\"header-info-swapper\">\r\n\t\t\t<ul class=\"thim-header-info\">\r\n\t\t\t\t\t\t\t\t\t\t<li>\r\n\t\t\t\t\t\t\t\t\t\t\t\t\t\t\t\t\t\t\t\t\t\t<span>\r\n\t\t\t\t\t\t\t\t\t<i aria-hidden=\"true\" class=\"fas fa-chevron-right\"><\/i>\t\t\t\t\t\t\t\t<\/span>\r\n\t\t\t\t\t\t\t\t\t\t\t\t\t\t\t1. Vorsitzende: Birgit K\u00fchn\t\t\t\t\t\t\t\t\t\t\t\t\t<\/li>\r\n\t\t\t\t\t\t\t\t\t\t\t\t<li>\r\n\t\t\t\t\t\t\t\t\t\t\t\t\t\t\t\t\t\t\t\t\t\t<span>\r\n\t\t\t\t\t\t\t\t\t<i aria-hidden=\"true\" class=\"fas fa-chevron-right\"><\/i>\t\t\t\t\t\t\t\t<\/span>\r\n\t\t\t\t\t\t\t\t\t\t\t\t\t\t\t2. Vorsitzender: Dirk Eickhoff\t\t\t\t\t\t\t\t\t\t\t\t\t<\/li>\r\n\t\t\t\t\t\t\t\t\t\t\t\t<li>\r\n\t\t\t\t\t\t\t\t\t\t\t\t\t\t\t\t\t\t\t\t\t\t<span>\r\n\t\t\t\t\t\t\t\t\t<i aria-hidden=\"true\" class=\"fas fa-chevron-right\"><\/i>\t\t\t\t\t\t\t\t<\/span>\r\n\t\t\t\t\t\t\t\t\t\t\t\t\t\t\tKassiererin: Anna Christina Bennett\t\t\t\t\t\t\t\t\t\t\t\t\t<\/li>\r\n\t\t\t\t\t\t\t\t\t\t\t\t<li>\r\n\t\t\t\t\t\t\t\t\t\t\t\t\t\t\t\t\t\t\t\t\t\t<span>\r\n\t\t\t\t\t\t\t\t\t<i aria-hidden=\"true\" class=\"fas fa-chevron-right\"><\/i>\t\t\t\t\t\t\t\t<\/span>\r\n\t\t\t\t\t\t\t\t\t\t\t\t\t\t\tSchriftf\u00fchrer: Jens Laskowski\t\t\t\t\t\t\t\t\t\t\t\t\t<\/li>\r\n\t\t\t\t\t\t\t\t\t\t\t\t<li>\r\n\t\t\t\t\t\t\t\t\t\t\t\t\t\t\t\t\t\t\t\t\t\t<span>\r\n\t\t\t\t\t\t\t\t\t<i aria-hidden=\"true\" class=\"fas fa-chevron-right\"><\/i>\t\t\t\t\t\t\t\t<\/span>\r\n\t\t\t\t\t\t\t\t\t\t\t\t\t\t\tKassenpr\u00fcfer: Stephan Wittling und Melanie B\u00e4umer\t\t\t\t\t\t\t\t\t\t\t\t\t<\/li>\r\n\t\t\t\t\t\t\t\t\t<\/ul>\r\n\t\t<\/div>\r\n\t\t\t\t<\/div>\n\t\t\t\t<\/div>\n\t\t\t\t\t<\/div>\n\t\t<\/div>\n\t\t\t\t\t\t\t<\/div>\n\t\t<\/section>\n\t\t\t\t\t\t\t<\/div>\n\t\t","protected":false},"excerpt":{"rendered":"<p>F\u00f6rderverein Liebe Eltern,\u00a0 durch eure Hilfe und euren Einsatz konnten wieder einige Projekte realisiert werden.\u00a0 Unsere Arbeit steht nie still und die finanziell engeren Spielr\u00e4ume an den Schulen und Kommunen f\u00fchren dazu, dass der F\u00f6rderverein immer wichtiger wird. Dazu geh\u00f6ren &hellip; <\/p>\n","protected":false},"author":1,"featured_media":0,"parent":0,"menu_order":0,"comment_status":"closed","ping_status":"closed","template":"","meta":[],"_links":{"self":[{"href":"https:\/\/test.loris.tv\/gms\/wp-json\/wp\/v2\/pages\/10630"}],"collection":[{"href":"https:\/\/test.loris.tv\/gms\/wp-json\/wp\/v2\/pages"}],"about":[{"href":"https:\/\/test.loris.tv\/gms\/wp-json\/wp\/v2\/types\/page"}],"author":[{"embeddable":true,"href":"https:\/\/test.loris.tv\/gms\/wp-json\/wp\/v2\/users\/1"}],"replies":[{"embeddable":true,"href":"https:\/\/test.loris.tv\/gms\/wp-json\/wp\/v2\/comments?post=10630"}],"version-history":[{"count":10,"href":"https:\/\/test.loris.tv\/gms\/wp-json\/wp\/v2\/pages\/10630\/revisions"}],"predecessor-version":[{"id":11445,"href":"https:\/\/test.loris.tv\/gms\/wp-json\/wp\/v2\/pages\/10630\/revisions\/11445"}],"wp:attachment":[{"href":"https:\/\/test.loris.tv\/gms\/wp-json\/wp\/v2\/media?parent=10630"}],"curies":[{"name":"wp","href":"https:\/\/api.w.org\/{rel}","templated":true}]}}

Förderverein

<div data-elementor-type="wp-page" data-elementor-id="10630" class="elementor elementor-10630">
									<section class="elementor-section elementor-top-section elementor-element elementor-element-a5133b0 elementor-section-boxed elementor-section-height-default elementor-section-height-default" data-id="a5133b0" data-element_type="section">
						<div class="elementor-container elementor-column-gap-default">
					<div class="elementor-column elementor-col-50 elementor-top-column elementor-element elementor-element-1cc9566" data-id="1cc9566" data-element_type="column">
			<div class="elementor-widget-wrap elementor-element-populated">
								<div class="elementor-element elementor-element-a9d516a elementor-widget thim-ekits-heading elementor-widget-thim-heading" data-id="a9d516a" data-element_type="widget" data-widget_type="thim-heading.default">
				<div class="elementor-widget-container">
			<div class="sc_heading "><h3 class="title"> <span class="thim-color">Förderverein</span></h3><span class="line"></span></div>		</div>
				</div>
				<div class="elementor-element elementor-element-d193def elementor-widget elementor-widget-text-editor" data-id="d193def" data-element_type="widget" data-widget_type="text-editor.default">
				<div class="elementor-widget-container">
			<style>/*! elementor - v3.6.6 - 08-06-2022 */
.elementor-widget-text-editor.elementor-drop-cap-view-stacked .elementor-drop-cap{background-color:#818a91;color:#fff}.elementor-widget-text-editor.elementor-drop-cap-view-framed .elementor-drop-cap{color:#818a91;border:3px solid;background-color:transparent}.elementor-widget-text-editor:not(.elementor-drop-cap-view-default) .elementor-drop-cap{margin-top:8px}.elementor-widget-text-editor:not(.elementor-drop-cap-view-default) .elementor-drop-cap-letter{width:1em;height:1em}.elementor-widget-text-editor .elementor-drop-cap{float:left;text-align:center;line-height:1;font-size:50px}.elementor-widget-text-editor .elementor-drop-cap-letter{display:inline-block}</style>				<p>Liebe Eltern, </p><p>durch eure Hilfe und euren Einsatz konnten wieder einige Projekte realisiert werden. </p><p>Unsere Arbeit steht nie still und die finanziell engeren Spielräume an den Schulen und Kommunen führen dazu, dass der Förderverein immer wichtiger wird. Dazu gehören Zuschüsse zu Bildungsfahrten oder das Anschaffen von Equipment. Das ist aber nur ein kleiner Teil von dem, wofür wir uns verantwortlich zeigen.</p><p>Mehr Infos gibt es auf der Internetseite der Schule, bei den Vorstandsmitgliedern oder schreibt uns einfach eine Mail. Ab 6€ jährlich könnt ihr dabei sein und einen wichtigen Beitrag leisten. Wir freuen uns über eure Unterstützung.</p><p>Für das Vorstandsteam<br />Birgit Kühn</p>						</div>
				</div>
				<div class="elementor-element elementor-element-787db5f elementor-widget__width-auto elementor-widget elementor-widget-button" data-id="787db5f" data-element_type="widget" data-widget_type="button.default">
				<div class="elementor-widget-container">
					<div class="elementor-button-wrapper">
			<a href="&#x6d;&#x61;&#105;&#108;t&#x6f;&#x3a;&#x66;&#111;er&#x64;&#x65;&#114;&#118;e&#x72;&#x65;&#x69;&#110;&#64;g&#x6d;&#x73;&#45;&#98;u&#x2d;&#x6e;&#x65;&#117;&#46;d&#x65;" class="elementor-button-link elementor-button elementor-size-sm" role="button">
						<span class="elementor-button-content-wrapper">
							<span class="elementor-button-icon elementor-align-icon-left">
				<i aria-hidden="true" class="far fa-envelope"></i>			</span>
						<span class="elementor-button-text">E-Mail an den Förderverein</span>
		</span>
					</a>
		</div>
				</div>
				</div>
				<div class="elementor-element elementor-element-de1bbfa elementor-widget elementor-widget-spacer" data-id="de1bbfa" data-element_type="widget" data-widget_type="spacer.default">
				<div class="elementor-widget-container">
			<style>/*! elementor - v3.6.6 - 08-06-2022 */
.e-container.e-container--row .elementor-spacer-inner{width:var(--spacer-size)}.e-container.e-container--column .elementor-spacer-inner,.elementor-column .elementor-spacer-inner{height:var(--spacer-size)}</style>		<div class="elementor-spacer">
			<div class="elementor-spacer-inner"></div>
		</div>
				</div>
				</div>
				<div class="elementor-element elementor-element-4d06864 elementor-widget__width-auto elementor-widget elementor-widget-button" data-id="4d06864" data-element_type="widget" data-widget_type="button.default">
				<div class="elementor-widget-container">
					<div class="elementor-button-wrapper">
			<a href="https://test.loris.tv/gms/wp-content/uploads/2023/10/Satzung_Foerderverein_GMS.pdf" target="_blank" class="elementor-button-link elementor-button elementor-size-sm" role="button">
						<span class="elementor-button-content-wrapper">
							<span class="elementor-button-icon elementor-align-icon-left">
				<i aria-hidden="true" class="tk tk-download"></i>			</span>
						<span class="elementor-button-text">Satzung des Fördervereins</span>
		</span>
					</a>
		</div>
				</div>
				</div>
					</div>
		</div>
				<div class="elementor-column elementor-col-50 elementor-top-column elementor-element elementor-element-2a463ad" data-id="2a463ad" data-element_type="column">
			<div class="elementor-widget-wrap elementor-element-populated">
								<div class="elementor-element elementor-element-c13a94d elementor-widget elementor-widget-image" data-id="c13a94d" data-element_type="widget" data-widget_type="image.default">
				<div class="elementor-widget-container">
			<style>/*! elementor - v3.6.6 - 08-06-2022 */
.elementor-widget-image{text-align:center}.elementor-widget-image a{display:inline-block}.elementor-widget-image a img[src$=".svg"]{width:48px}.elementor-widget-image img{vertical-align:middle;display:inline-block}</style>												<img width="640" height="515" src="https://test.loris.tv/gms/wp-content/uploads/2023/10/vorstand_foerderverein-1024x824.jpg" class="attachment-large size-large" alt="" loading="lazy" srcset="https://test.loris.tv/gms/wp-content/uploads/2023/10/vorstand_foerderverein-1024x824.jpg 1024w, https://test.loris.tv/gms/wp-content/uploads/2023/10/vorstand_foerderverein-300x242.jpg 300w, https://test.loris.tv/gms/wp-content/uploads/2023/10/vorstand_foerderverein-768x618.jpg 768w, https://test.loris.tv/gms/wp-content/uploads/2023/10/vorstand_foerderverein.jpg 1200w" sizes="(max-width: 640px) 100vw, 640px" />															</div>
				</div>
				<div class="elementor-element elementor-element-0327803 elementor-widget thim-ekits-heading elementor-widget-thim-heading" data-id="0327803" data-element_type="widget" data-widget_type="thim-heading.default">
				<div class="elementor-widget-container">
			<div class="sc_heading "><h3 class="title">Vorstand des Fördervereins der GMS Burbach-Neunkirchen:</h3></div>		</div>
				</div>
				<div class="elementor-element elementor-element-0a1f995 elementor-widget elementor-widget-thim-ekits-header-info" data-id="0a1f995" data-element_type="widget" data-widget_type="thim-ekits-header-info.default">
				<div class="elementor-widget-container">
					<div class="header-info-swapper">
			<ul class="thim-header-info">
										<li>
																						<span>
									<i aria-hidden="true" class="fas fa-chevron-right"></i>								</span>
															1. Vorsitzende: Birgit Kühn													</li>
												<li>
																						<span>
									<i aria-hidden="true" class="fas fa-chevron-right"></i>								</span>
															2. Vorsitzender: Dirk Eickhoff													</li>
												<li>
																						<span>
									<i aria-hidden="true" class="fas fa-chevron-right"></i>								</span>
															Kassiererin: Anna Christina Bennett													</li>
												<li>
																						<span>
									<i aria-hidden="true" class="fas fa-chevron-right"></i>								</span>
															Schriftführer: Jens Laskowski													</li>
												<li>
																						<span>
									<i aria-hidden="true" class="fas fa-chevron-right"></i>								</span>
															Kassenprüfer: Stephan Wittling und Melanie Bäumer													</li>
									</ul>
		</div>
				</div>
				</div>
					</div>
		</div>
							</div>
		</section>
							</div>

<p>Förderverein Liebe Eltern,  durch eure Hilfe und euren Einsatz konnten wieder einige Projekte realisiert werden.  Unsere Arbeit steht nie still und die finanziell engeren Spielräume an den Schulen und Kommunen führen dazu, dass der Förderverein immer wichtiger wird. Dazu gehören &hellip; </p>
